{"id":82,"date":"2012-12-27T10:07:03","date_gmt":"2012-12-27T09:07:03","guid":{"rendered":"http:\/\/www.vermessung-und-geoinformation.de\/?page_id=82"},"modified":"2012-12-28T17:51:33","modified_gmt":"2012-12-28T16:51:33","slug":"fehler-melden","status":"publish","type":"page","link":"https:\/\/www.vermessung-und-geoinformation.de\/?page_id=82","title":{"rendered":"Fehler melden"},"content":{"rendered":"<p>Sie haben einen Fehler gefunden und m\u00f6chten und helfen, den Inhalt zu verbessern?<\/p>\n<p>Dann f\u00fcllen Sie bitte dieses Formular aus und senden uns die ben\u00f6tigten Informationen.<\/p>\n<p>Wir werden auf dieser Seite die Korrekturen ver\u00f6ffentlichen.<\/p>\n<p>Vielen Dank!<\/p>\n<form enctype=\"multipart\/form-data\" class=\"fm-form\" method=\"post\" action=\"https:\/\/www.vermessung-und-geoinformation.de\/?page_id=82\" name=\"fm-form-1\" id=\"fm-form-1\" autocomplete=\"on\" >\n\n\t<fieldset>\t\n\t\t\t\t\t\t\t\t\t<legend>Einen Fehler melden<\/legend>\n\t\t\t\t\t\t\t\n\t\t<ul>\n\t\t\t\t\t\t<li id=\"fm-item-custom_list-50c8522e5960e\">\n\t\t\t\t\t\t\t\t\t<table><tr>\n\t\t\t\t\t\t<td style=\"width:200px\"><label>Auflage&nbsp;<em>*<\/em><\/label><\/td>\n\t\t\t\t\t\t<td><select name=\"custom_list-50c8522e5960e\" id=\"custom_list-50c8522e5960e\" style=\"width:px;\" ><option value=\"0\">...<\/option><option value=\"1\">10. Auflage<\/option><option value=\"2\">11. Auflage<\/option><option value=\"3\">12. Auflage<\/option><option value=\"4\">13. Auflage<\/option><option value=\"5\" selected=\"selected\">14. Auflage<\/option><\/select><input type=\"hidden\" id=\"custom_list-50c8522e5960e-list-style\" value=\"select\" \/><input type=\"hidden\" id=\"custom_list-50c8522e5960e-count\" value=\"5\" \/><\/td>\n\t\t\t\t\t<\/tr><\/table>\n\t\t\t\t\t\t\t<\/li>\n\t\t\t\t\t\t<li id=\"fm-item-text-5784cfb608c93\">\n\t\t\t\t\t\t\t\t\t<table><tr>\n\t\t\t\t\t\t<td style=\"width:200px\"><label>Kapitel<\/label><\/td>\n\t\t\t\t\t\t<td><input type=\"text\" name=\"text-5784cfb608c93\" id=\"text-5784cfb608c93\" style=\"width:300px;\" placeholder=\"Name des Kapitels\" \/><\/td>\n\t\t\t\t\t<\/tr><\/table>\n\t\t\t\t\t\t\t<\/li>\n\t\t\t\t\t\t<li id=\"fm-item-text-50d060aeef6ff\">\n\t\t\t\t\t\t\t\t\t<table><tr>\n\t\t\t\t\t\t<td style=\"width:200px\"><label>Kapitelnummer&nbsp;<em>*<\/em><\/label><\/td>\n\t\t\t\t\t\t<td><input type=\"text\" name=\"text-50d060aeef6ff\" id=\"text-50d060aeef6ff\" style=\"width:200px;\" maxlength=\"11\" placeholder=\"1.2.3\" \/><\/td>\n\t\t\t\t\t<\/tr><\/table>\n\t\t\t\t\t\t\t<\/li>\n\t\t\t\t\t\t<li id=\"fm-item-text-50d0610c33ac6\">\n\t\t\t\t\t\t\t\t\t<table><tr>\n\t\t\t\t\t\t<td style=\"width:200px\"><label>Seitenzahl&nbsp;<em>*<\/em><\/label><\/td>\n\t\t\t\t\t\t<td><input type=\"text\" name=\"text-50d0610c33ac6\" id=\"text-50d0610c33ac6\" style=\"width:200px;\" maxlength=\"3\" placeholder=\"123\" \/><\/td>\n\t\t\t\t\t<\/tr><\/table>\n\t\t\t\t\t\t\t<\/li>\n\t\t\t\t\t\t<li id=\"fm-item-text-50d062d27d2da\">\n\t\t\t\t\t\t\t\t\t<table><tr>\n\t\t\t\t\t\t<td style=\"width:200px\"><label>Abbildungsnummer<\/label><\/td>\n\t\t\t\t\t\t<td><input type=\"text\" name=\"text-50d062d27d2da\" id=\"text-50d062d27d2da\" style=\"width:200px;\" maxlength=\"11\" placeholder=\"2.3.4\" \/><\/td>\n\t\t\t\t\t<\/tr><\/table>\n\t\t\t\t\t\t\t<\/li>\n\t\t\t\t\t\t<li id=\"fm-item-text-50d062df8db45\">\n\t\t\t\t\t\t\t\t\t<table><tr>\n\t\t\t\t\t\t<td style=\"width:200px\"><label>Absatz<\/label><\/td>\n\t\t\t\t\t\t<td><input type=\"text\" name=\"text-50d062df8db45\" id=\"text-50d062df8db45\" style=\"width:200px;\" maxlength=\"2\" placeholder=\"Absatz von oben\" \/><\/td>\n\t\t\t\t\t<\/tr><\/table>\n\t\t\t\t\t\t\t<\/li>\n\t\t\t\t\t\t<li id=\"fm-item-text-50d062ec0e705\">\n\t\t\t\t\t\t\t\t\t<table><tr>\n\t\t\t\t\t\t<td style=\"width:200px\"><label>Zeile im Absatz<\/label><\/td>\n\t\t\t\t\t\t<td><input type=\"text\" name=\"text-50d062ec0e705\" id=\"text-50d062ec0e705\" style=\"width:200px;\" maxlength=\"3\" placeholder=\"Zeile von oben\" \/><\/td>\n\t\t\t\t\t<\/tr><\/table>\n\t\t\t\t\t\t\t<\/li>\n\t\t\t\t\t\t<li id=\"fm-item-textarea-50c85237a0757\">\n\t\t\t\t\t\t\t\t\t<table><tr>\n\t\t\t\t\t\t<td style=\"width:200px\"><label>Fehlerbeschreibung&nbsp;<em>*<\/em><\/label><\/td>\n\t\t\t\t\t\t<td><textarea name=\"textarea-50c85237a0757\" id=\"textarea-50c85237a0757\" style=\"width:300px;height:100px;\" placeholder=\"\"><\/textarea><\/td>\n\t\t\t\t\t<\/tr><\/table>\n\t\t\t\t\t\t\t<\/li>\n\t\t\t\t\t\t<li id=\"fm-item-file-50dc0e02662ce\">\n\t\t\t\t\t\t\t\t\t<table><tr>\n\t\t\t\t\t\t<td style=\"width:200px\"><label>Datei hochladen (nur .txt,.pdf,.png,.gif,.jpg,.jpeg)<\/label><\/td>\n\t\t\t\t\t\t<td><input type=\"hidden\" name=\"MAX_FILE_SIZE\" value=\"1024000\" \/><input name=\"file-50dc0e02662ce\" id=\"file-50dc0e02662ce\" type=\"file\" \/><\/td>\n\t\t\t\t\t<\/tr><\/table>\n\t\t\t\t\t\t\t<\/li>\n\t\t\t\t\t\t<li id=\"fm-item-text-50dc192d8da54\">\n\t\t\t\t\t\t\t\t\t<table><tr>\n\t\t\t\t\t\t<td style=\"width:200px\"><label>Ihr Name<\/label><\/td>\n\t\t\t\t\t\t<td><input type=\"text\" name=\"text-50dc192d8da54\" id=\"text-50dc192d8da54\" style=\"width:200px;\" maxlength=\"100\" placeholder=\"Ihr Name\" \/><\/td>\n\t\t\t\t\t<\/tr><\/table>\n\t\t\t\t\t\t\t<\/li>\n\t\t\t\t\t\t<li id=\"fm-item-text-50dc192ec3765\">\n\t\t\t\t\t\t\t\t\t<table><tr>\n\t\t\t\t\t\t<td style=\"width:200px\"><label>Ihre Email-Adresse<\/label><\/td>\n\t\t\t\t\t\t<td><input type=\"text\" name=\"text-50dc192ec3765\" id=\"text-50dc192ec3765\" style=\"width:200px;\" maxlength=\"100\" placeholder=\"Ihre Email-Adresse\" \/><\/td>\n\t\t\t\t\t<\/tr><\/table>\n\t\t\t\t\t\t\t<\/li>\n\t\t\t\t\t<\/ul>\n\n\t\t<div>\n\t\t <input type=\"submit\" name=\"fm_form_submit\" id=\"fm_form_submit\" class=\"submit\" value=\"Abschicken\" onclick=\"return fm_submit_onclick(1)\"  \/>\n\t\t<\/div>\n\n\t<\/fieldset>\n\t<input type=\"hidden\" name=\"fm_nonce\" id=\"fm_nonce\" value=\"348dddf4b0\" \/>\n<input type=\"hidden\" name=\"fm_id\" id=\"fm_id\" value=\"1\" \/>\n<input type=\"hidden\" name=\"fm_uniq_id\" id=\"fm_uniq_id\" value=\"fm-69ef702eb2882\" \/>\n<input type=\"hidden\" name=\"fm_parent_post_id\" id=\"fm_parent_post_id\" value=\"82\" \/>\n<\/form>\n\n","protected":false},"excerpt":{"rendered":"<p>Sie haben einen Fehler gefunden und m\u00f6chten und helfen, den Inhalt zu verbessern? Dann f\u00fcllen Sie bitte dieses Formular aus und senden uns die ben\u00f6tigten Informationen. Wir werden auf dieser Seite die Korrekturen ver\u00f6ffentlichen. Vielen Dank!<\/p>\n","protected":false},"author":1,"featured_media":0,"parent":90,"menu_order":0,"comment_status":"closed","ping_status":"open","template":"","meta":{"footnotes":""},"class_list":["post-82","page","type-page","status-publish","hentry"],"_links":{"self":[{"href":"https:\/\/www.vermessung-und-geoinformation.de\/index.php?rest_route=\/wp\/v2\/pages\/82","targetHints":{"allow":["GET"]}}],"collection":[{"href":"https:\/\/www.vermessung-und-geoinformation.de\/index.php?rest_route=\/wp\/v2\/pages"}],"about":[{"href":"https:\/\/www.vermessung-und-geoinformation.de\/index.php?rest_route=\/wp\/v2\/types\/page"}],"author":[{"embeddable":true,"href":"https:\/\/www.vermessung-und-geoinformation.de\/index.php?rest_route=\/wp\/v2\/users\/1"}],"replies":[{"embeddable":true,"href":"https:\/\/www.vermessung-und-geoinformation.de\/index.php?rest_route=%2Fwp%2Fv2%2Fcomments&post=82"}],"version-history":[{"count":12,"href":"https:\/\/www.vermessung-und-geoinformation.de\/index.php?rest_route=\/wp\/v2\/pages\/82\/revisions"}],"predecessor-version":[{"id":135,"href":"https:\/\/www.vermessung-und-geoinformation.de\/index.php?rest_route=\/wp\/v2\/pages\/82\/revisions\/135"}],"up":[{"embeddable":true,"href":"https:\/\/www.vermessung-und-geoinformation.de\/index.php?rest_route=\/wp\/v2\/pages\/90"}],"wp:attachment":[{"href":"https:\/\/www.vermessung-und-geoinformation.de\/index.php?rest_route=%2Fwp%2Fv2%2Fmedia&parent=82"}],"curies":[{"name":"wp","href":"https:\/\/api.w.org\/{rel}","templated":true}]}}