{"id":90,"date":"2012-12-27T10:06:00","date_gmt":"2012-12-27T09:06:00","guid":{"rendered":"http:\/\/www.vermessung-und-geoinformation.de\/?page_id=90"},"modified":"2016-07-12T15:18:06","modified_gmt":"2016-07-12T13:18:06","slug":"errata","status":"publish","type":"page","link":"https:\/\/www.vermessung-und-geoinformation.de\/?page_id=90","title":{"rendered":"Errata"},"content":{"rendered":"<p style=\"text-align: justify;\">Lieber Leser,<\/p>\n<p style=\"text-align: justify;\">vor Ihnen liegt ein Buch, das umf\u00e4nglich die fachlichen Inhalte der \u00fcberarbeiteten bzw. neuen Berufsbilder &#8222;Vermessungstechniker\/Vermessungstechnikerin&#8220; bzw. &#8222;Geomatiker\/Geomatikerin&#8220; beschreibt. Dieses Werk soll vornehmlich die Auszubildenden f\u00fcr die genannten Berufe w\u00e4hrend ihrer Ausbildungszeit begleiten.<\/p>\n<p style=\"text-align: justify;\">Dar\u00fcber hinaus mag es auch in der t\u00e4glichen Praxis als Nachschlagewerk dienen; insbesondere in der Erkenntnis, dass sich Theorie, Technik und Praxis in den vergangenen rd. 50 Jahren nachhaltigst ge\u00e4ndert haben. Wer Zugriff auf \u00e4ltere Auflagen dieses Buches (z.T. unter dem fr\u00fcheren Titel: &#8222;Fachkunde f\u00fcr Vermessungstechniker&#8220;) hat, erlebt bei einem Abgleich der einzelnen Abschnitte eine regelrechte Zeitreise durch das<br \/>\nVermessungswesen.<\/p>\n<p style=\"text-align: justify;\">Der im Lehrbuch beschriebene, gleicherma\u00dfen umfangreiche wie komplexe Sachverhalt verdeutlicht, wie vielf\u00e4ltig und damit interessant die genannten Berufsfelder sind. Insofern mag das Buch auch f\u00fcr den interessierten Laien einen Blick wert sein, insbesondere f\u00fcr Vertreter benachbarter Fachrichtungen.<\/p>\n<p style=\"text-align: justify;\">Die Autoren haben bei der Erarbeitung des Lehrbuches alle erdenkliche Sorgfalt walten lassen. Die Vielfalt und zum Teil auch die gegenseitige Abh\u00e4ngigkeit der Texte habe jedoch m\u00f6glicherweise zu der einen oder anderen Unzul\u00e4nglichkeit gef\u00fchrt. Hierzu die herzliche Bitte: Teilen Sie es uns bitte mit, wenn Sie \u00fcber fachliche Fehler in diesem Buch gestolpert<br \/>\nsein sollten.<\/p>\n<p style=\"text-align: justify;\">Unsere Homepage www.vermessung-und-geoinformation.de werden wir zu einem Portal weiterentwickeln, \u00fcber das Sie uns entsprechende<a title=\"Fehler melden\" href=\"https:\/\/www.vermessung-und-geoinformation.de\/?page_id=82\"> Informationen zuleiten<\/a> k\u00f6nnen. Dies gilt auch f\u00fcr Anregungen zum Inhalt, wenn Sie vielleicht einzelne Sachverhalte vermissen oder andere f\u00fcr \u00fcberfl\u00fcssig halten. Sie w\u00fcrden uns damit sehr helfen, das Buch im<br \/>\ngebotenen Umfang zu optimieren. Das Portal wird ab Januar 2013 zur Verf\u00fcgung stehen.<\/p>\n<p style=\"text-align: justify;\">Selbstverst\u00e4ndlich werden s\u00e4mtliche Leser auf die Homepage zugreifen k\u00f6nnen, damit sie im Buch evtl. erkannte Fehler ber\u00fccksichtigen k\u00f6nnen. Vielen Dank f\u00fcr Ihr Verst\u00e4ndnis,<\/p>\n<p style=\"text-align: justify;\">das Autorenteam<\/p>\n<p style=\"text-align: justify;\">\n","protected":false},"excerpt":{"rendered":"<p>Lieber Leser, vor Ihnen liegt ein Buch, das umf\u00e4nglich die fachlichen Inhalte der \u00fcberarbeiteten bzw. neuen Berufsbilder &#8222;Vermessungstechniker\/Vermessungstechnikerin&#8220; bzw. &#8222;Geomatiker\/Geomatikerin&#8220; beschreibt. Dieses Werk soll vornehmlich die Auszubildenden f\u00fcr die genannten Berufe w\u00e4hrend ihrer Ausbildungszeit begleiten. Dar\u00fcber hinaus mag es auch &hellip; <a href=\"https:\/\/www.vermessung-und-geoinformation.de\/?page_id=90\">Weiterlesen <span class=\"meta-nav\">&rarr;<\/span><\/a><\/p>\n","protected":false},"author":1,"featured_media":0,"parent":0,"menu_order":40,"comment_status":"closed","ping_status":"open","template":"","meta":{"footnotes":""},"class_list":["post-90","page","type-page","status-publish","hentry"],"_links":{"self":[{"href":"https:\/\/www.vermessung-und-geoinformation.de\/index.php?rest_route=\/wp\/v2\/pages\/90","targetHints":{"allow":["GET"]}}],"collection":[{"href":"https:\/\/www.vermessung-und-geoinformation.de\/index.php?rest_route=\/wp\/v2\/pages"}],"about":[{"href":"https:\/\/www.vermessung-und-geoinformation.de\/index.php?rest_route=\/wp\/v2\/types\/page"}],"author":[{"embeddable":true,"href":"https:\/\/www.vermessung-und-geoinformation.de\/index.php?rest_route=\/wp\/v2\/users\/1"}],"replies":[{"embeddable":true,"href":"https:\/\/www.vermessung-und-geoinformation.de\/index.php?rest_route=%2Fwp%2Fv2%2Fcomments&post=90"}],"version-history":[{"count":15,"href":"https:\/\/www.vermessung-und-geoinformation.de\/index.php?rest_route=\/wp\/v2\/pages\/90\/revisions"}],"predecessor-version":[{"id":217,"href":"https:\/\/www.vermessung-und-geoinformation.de\/index.php?rest_route=\/wp\/v2\/pages\/90\/revisions\/217"}],"wp:attachment":[{"href":"https:\/\/www.vermessung-und-geoinformation.de\/index.php?rest_route=%2Fwp%2Fv2%2Fmedia&parent=90"}],"curies":[{"name":"wp","href":"https:\/\/api.w.org\/{rel}","templated":true}]}}

<p style="text-align: justify;">Lieber Leser,</p>
<p style="text-align: justify;">vor Ihnen liegt ein Buch, das umfänglich die fachlichen Inhalte der überarbeiteten bzw. neuen Berufsbilder &#8222;Vermessungstechniker/Vermessungstechnikerin&#8220; bzw. &#8222;Geomatiker/Geomatikerin&#8220; beschreibt. Dieses Werk soll vornehmlich die Auszubildenden für die genannten Berufe während ihrer Ausbildungszeit begleiten.</p>
<p style="text-align: justify;">Darüber hinaus mag es auch in der täglichen Praxis als Nachschlagewerk dienen; insbesondere in der Erkenntnis, dass sich Theorie, Technik und Praxis in den vergangenen rd. 50 Jahren nachhaltigst geändert haben. Wer Zugriff auf ältere Auflagen dieses Buches (z.T. unter dem früheren Titel: &#8222;Fachkunde für Vermessungstechniker&#8220;) hat, erlebt bei einem Abgleich der einzelnen Abschnitte eine regelrechte Zeitreise durch das<br />
Vermessungswesen.</p>
<p style="text-align: justify;">Der im Lehrbuch beschriebene, gleichermaßen umfangreiche wie komplexe Sachverhalt verdeutlicht, wie vielfältig und damit interessant die genannten Berufsfelder sind. Insofern mag das Buch auch für den interessierten Laien einen Blick wert sein, insbesondere für Vertreter benachbarter Fachrichtungen.</p>
<p style="text-align: justify;">Die Autoren haben bei der Erarbeitung des Lehrbuches alle erdenkliche Sorgfalt walten lassen. Die Vielfalt und zum Teil auch die gegenseitige Abhängigkeit der Texte habe jedoch möglicherweise zu der einen oder anderen Unzulänglichkeit geführt. Hierzu die herzliche Bitte: Teilen Sie es uns bitte mit, wenn Sie über fachliche Fehler in diesem Buch gestolpert<br />
sein sollten.</p>
<p style="text-align: justify;">Unsere Homepage www.vermessung-und-geoinformation.de werden wir zu einem Portal weiterentwickeln, über das Sie uns entsprechende<a title="Fehler melden" href="https://www.vermessung-und-geoinformation.de/?page_id=82"> Informationen zuleiten</a> können. Dies gilt auch für Anregungen zum Inhalt, wenn Sie vielleicht einzelne Sachverhalte vermissen oder andere für überflüssig halten. Sie würden uns damit sehr helfen, das Buch im<br />
gebotenen Umfang zu optimieren. Das Portal wird ab Januar 2013 zur Verfügung stehen.</p>
<p style="text-align: justify;">Selbstverständlich werden sämtliche Leser auf die Homepage zugreifen können, damit sie im Buch evtl. erkannte Fehler berücksichtigen können. Vielen Dank für Ihr Verständnis,</p>
<p style="text-align: justify;">das Autorenteam</p>
<p style="text-align: justify;">

<p>Lieber Leser, vor Ihnen liegt ein Buch, das umfänglich die fachlichen Inhalte der überarbeiteten bzw. neuen Berufsbilder &#8222;Vermessungstechniker/Vermessungstechnikerin&#8220; bzw. &#8222;Geomatiker/Geomatikerin&#8220; beschreibt. Dieses Werk soll vornehmlich die Auszubildenden für die genannten Berufe während ihrer Ausbildungszeit begleiten. Darüber hinaus mag es auch &hellip; <a href="https://www.vermessung-und-geoinformation.de/?page_id=90">Weiterlesen <span class="meta-nav">&rarr;</span></a></p>
